?
False
Let m(b) = 3*b**3 - 4*b**2 - 13*b + 7. Let l be m(-5). Let k = -192 - l. Is k composite?
False
Let a(u) = -7 - 1380*u + 3 + 3. Is a(-1) composite?
True
Let q be 2632/14 + (-3)/(-1). Let g = q + -109. Is g a prime number?
False
Let w(s) = 3*s**3 - 8*s**2 - 19*s - 23. Is w(22) composite?
False
Let p(d) = -3*d + 0*d + 2*d**2 + 6 + 0*d**3 - 2 + d**3. Let t be p(-3). Suppose 4*z + 2*o - 1186 = 0, 6*o + 1171 = t*z + 3*o. Is z prime?
False
Let i = -3616 - -9827. Is i composite?
False
Let j(i) = 129*i**3 + 2*i**2 + 5*i - 51. Is j(4) a prime number?
False
Let u(q) = -q**2 - 6*q + 5. Let a be u(-5). Let h(l) = 15 + a - 22 + 19*l. Is h(4) a prime number?
True
Let r(b) = -6*b - 4. Let s be r(-3). Let t(l) = l**3 - 12*l**2 - 20*l + 9. Is t(s) prime?
False
Is -1*(-26)/65 - (-162226)/10 a composite number?
False
Let q = -83 + 757. Is q a composite number?
True
Suppose 1 = -2*q - k, 3*k = -2*q + 4*k + 9. Is (1/2*q)/((-9)/(-47313)) a composite number?
True
Let t = 19 - 24. Let p be (-9)/27*195*t. Let r = p - 142. Is r prime?
False
Suppose 31757 + 281665 = 6*h. Is h a prime number?
True
Let n be (942/10 - -1) + 8/(-40). Is n + (-2 - (-4 - -6)) a prime number?
False
Let n(v) = v + 17. Let q be n(14). Suppose q = z - 62. Is z a composite number?
True
Let n(g) = 16*g - 277. Is n(38) a prime number?
True
Let b(q) = 19 + q + 17*q**2 - 3*q**2 + 0*q - q**3. Suppose 0 = -9*z - 586 + 712. Is b(z) prime?
False
Let c be 2 - (-79 + -5 + 2). Let j = c + 10. Is j a composite number?
True
Suppose -2*i + 13*i - 125059 = 0. Is i composite?
False
Suppose -1242 = -12*q + 1650. Suppose 777 = 2*l + 3*w, 2*l - 2*w - 770 = 2*w. Let m = l - q. Is m composite?
True
Suppose 13*h - 15 = 11. Suppose -33544 = -10*y + h*y. Is y a prime number?
False
Let g be (-3)/(-6) - (0 - (-3)/6). Suppose g*s = -s + 185. Is s composite?
True
Suppose -2*z = -2*o + z, 5*z = -3*o. Suppose -3*f - x - 1954 = 0, -5*f + x - 1059 - 2195 = o. Let t = -442 - f. Is t a prime number?
False
Let r = -704 - -1747. Suppose 4*q = y - 369, 5*q - q = -3*y + r. Is y a composite number?
False
Let t = 11008 - 6725. Is t a composite number?
False
Let i(x) = x**2 - 30*x + 3. Let j be i(30). Suppose 2*c + 5*h - 2669 = 0, -j*c = -4*c - 5*h + 1332. Is c composite?
True
Is 11/(-22) - 14759/(-2) a prime number?
False
Suppose -116 - 128 = -4*d. Let w = 16 + d. Is w prime?
False
Suppose 5*n - 24 = 4*b, 1 = n - b - 4. Is -4*((-803)/n - -4) composite?
False
Is 97840/16*7*1/5 a composite number?
True
Suppose 0 = -2*f + 4*x - 214, -156 = 2*f + 5*x + 40. Let u = f + 156. Is u a composite number?
False
Let j(s) = s**3 + 6*s**2 - 6*s + 4. Let r be j(-7). Let y = r + 11. Suppose 3*m = y*m - 2045. Is m a prime number?
True
Let o = 405 + -205. Suppose f - 47 = -2*s + 4*s, 0 = -4*f + 5*s + o. Is f prime?
False
Is (-9 + -16313)*(-6)/12 composite?
False
Let x(b) = 139*b - 1. Let l be x(14). Suppose 0 = 4*d - 9*d + l. Is d composite?
False
Let v be (-8)/(-4)*(-2 + 516/(-4)). Let r = v + 1739. Is r composite?
True
Let w = 190 - 10. Let q be (12/(-15))/((-2)/w). Suppose -l - 81 = -4*h, 4*l - 8*l - q = -4*h. Is h composite?
True
Let a = -96675 + 141908. Is a a prime number?
True
Suppose 12 = 3*f - 6. Suppose 5*v + f = 26. Suppose 838 + 750 = v*c. Is c a prime number?
True
Let r(g) = 418*g**2 - 3*g - 9. Let s(n) = -1. Let u(z) = r(z) - 4*s(z). Let i be 1*-3 + 2/2. Is u(i) a prime number?
False
Let k be -3 - (2 + -7 + -1). Suppose 0 = 4*n - k*n. Suppose 5*q + n*q - 2*p - 895 = 0, q = 3*p + 166. Is q a composite number?
False
Let y be -3*-2*1772/24. Let u = -98 + y. Suppose 2*j + j - u = 0. Is j a composite number?
True
Suppose 2*i - 5 = -103. Is (-12971)/i - 2/(-7) composite?
True
Let s = 32 + -19. Let o(p) = 11*p - 1. Let m be o(s). Is (-2)/(3 + (-430)/m) prime?
True
Let s(x) = -29*x**3 - 2*x**2 + 6*x + 1. Suppose 2*a - 8 = b + 4, 4 = a. Is s(b) a composite number?
False
Let c(u) = 10*u**2 - 10*u - 1094. Let i(z) = -3*z**2 + 3*z + 365. Let h(t) = 2*c(t) + 7*i(t). Is h(0) a prime number?
True
Let w = -251 + 477. Let m = w - 147. Is m composite?
False
Let b = -20471 + 11915. Let u = b - -12169. Is u a prime number?
True
Let z = -11 - 9. Let s = 27 + z. Let j(g) = 4*g**2 - 12*g + 7. Is j(s) a composite number?
True
Suppose -18*o + 22*o = 12044. Is o composite?
False
Let v = 20979 - 3410. Is v composite?
False
Let j = -10 - 145. Let m = j - -546. Let l = -208 + m. Is l a prime number?
False
Suppose -4*q = -3*q - 3*n - 22042, 0 = -5*n + 15. Is q a composite number?
False
Let a = -5 - -10. Suppose 2*g = 5*g + a*v + 110, 4*v = -3*g - 106. Let k = g - -43. Is k a prime number?
True
Suppose -236971 = -42*g + 253463. Is g prime?
True
Let x = 1200 - -332. Suppose 3*r - 7*r + x = 0. Is r composite?
False
Suppose 4*p = 5*k + 14, 3*p - 4*p - 22 = 3*k. Let t(q) = 75*q**2 - 4*q - 17. Is t(k) a composite number?
False
Suppose 2*y + 3*y = 3095. Is y a composite number?
False
Suppose 0 = 17*g - 0*g - 7174. Is g prime?
False
Suppose m - 3317 = 52*i - 50*i, 3*m - 9941 = i. Is m a prime number?
True
Suppose -5*z = 2*t - 14886, 0 = -4*t + 126*z - 121*z + 29832. Is t prime?
False
Suppose -36*w + 48031 = 7*w. Is w prime?
True
Let v = 59 + -68. Let c(b) be the second derivative of -5*b**3/2 + 7*b**2 + 3*b. Is c(v) a prime number?
True
Suppose 0 = h + 3*g - 1766, -1719 - 3591 = -3*h - 5*g. Suppose h = 9*o - 1852. Is o composite?
True
Suppose 0 = 55*n - 15*n - 43280. Is n a composite number?
True
Suppose -2*z - 2 + 12 = 0. Suppose -5*o - 5*v + 72 = -23, -o + z*v + 49 = 0. Is (-670)/(-3) + (-8)/o a prime number?
True
Let x(h) = -h**2 + h + 9. Let o be x(0). Let w be (o/(-6))/(3/6). Is (w + -2)*(-267)/15 a composite number?
False
Let o = 2318 - 1137. Is o prime?
True
Let y = 96703 + -28752. Is y prime?
False
Is 84086*(-1 - 3 - 576/(-128)) a prime number?
True
Let v be ((-1)/2)/((-1)/(-8)). Let f(r) be the third derivative of -r**6/30 + r**5/60 - 5*r**4/24 + r**3/6 - 4*r**2 + 12. Is f(v) a prime number?
True
Let j(a) = a**3 + 83. Let i be 4/10 + (-28)/(-5). Suppose 7*v - i*v = 0. Is j(v) prime?
True
Let k(g) = 625*g**2 + 9*g + 21. Is k(-2) prime?
True
Let g = -10197 - -15454. Is g prime?
False
Let p = -247 - -430. Suppose 0 = -3*s - 0*s + 1512. Let f = s - p. Is f prime?
False
Is (4/(-6))/(30/(-189045)) a prime number?
True
Suppose 0 = 22*c - 26*c + 8. Is (-29)/((c + -1)/(222/(-6))) prime?
False
Let g be -2*2*(4 + -3). Let r = 7 - 11. Is r + 8 + g + 25 composite?
True
Is ((-1)/(-1))/(13/324259) composite?
False
Suppose r = -f - 11, 4*f + 3*r = 2*r - 50. Let j(u) = 1. Let q(l) = -24*l - 15. Let p(y) = 2*j(y) + q(y). Is p(f) composite?
True
Let m(c) = -52*c - 1. Let z = 5 + 0. Suppose 5*d = z*g + 20, -11 = 2*g - 3*d - 1. Is m(g) prime?
True
Is (48/(-40))/(6/(-555)) composite?
True
Let p = 7173 + -4166. Is p a prime number?
False
Suppose -10*r + 12*r - 3*l - 2132 = 0, 5*r - 5351 = -3*l. Is r composite?
False
Suppose -9*s + 5*s + 8 = 0. Suppose s*a - 4 = -0*a. Suppose -395 = -5*g + 2*c, -g - 144 = -3*g - a*c. Is g composite?
True
Let f(v) = 250*v**2 - 8*v + 93. Is f(7) a composite number?
True
Suppose r + 76 = -5*c, 5*r + 402 = -6*c + 3*c. Suppose -a + 3*f + 130 = 0, 8*a = 3*a + 5*f + 610. Let m = a + r. Is m a prime number?
True
Let i(v) = 5*v**2 + 9*v + 1. Let s(x) = -4*x**2 - 10*x - 2. Let y(h) = -5*i(h) - 4*s(h). Let w(l) be the first derivative of y(l). Is w(-5) prime?
False
Suppose 2*v - 3*z = 6*v - 5011, -5004 = -4*v + 4*z. Let c = v + -732. Let d = -359 + c. Is d a prime number?
False
Let d be 6/1 + -4 + 1. Suppose 586 = d*t - t. Is t a composite number?
False
Suppose -6*s + 92 = -2*s. Suppose v - s = -4*l + 38, -l = -2*v - 4. Is l prime?
False
Suppose 3*k - 831 + 3477 = 0. Is (3 + (k - -2))*-1 prime?
True
Let t(y) = -y**3 - 9*y**2 + 9*y - 11. Let l be t(-10). Is ((-1)/6*-34)/(l/(-249)) a composite number?
True
Let c be 68*5 - -6*5/10. Suppose 591 = -5*n - 229. Let p = n + c. Is p a prime number?
True
Let t(k) be the first derivative of 2*k**3/3 + 7*k**2 + 9*k + 2. Let j be ((-12)/5)/(-5 + (-182)/(-35)). Is t(j) a prime number?
False
Is 3*(2 + (-5)/3)*13303 prime?
False
Suppose 18*r - 14*r = 57092. Is r a composite number?
True
Let y = 665 + 222. Is y a prime number?
True
Let x = 14579 - 4938. Is x a prime number?
False
Let m = 0 + 2. Suppose -91*d + 100*d = 27. Sup